{"id":3257,"date":"2019-01-16T20:06:22","date_gmt":"2019-01-16T18:06:22","guid":{"rendered":"http:\/\/www.jukkatakalo.fi\/?page_id=3257"},"modified":"2019-02-08T18:31:45","modified_gmt":"2019-02-08T16:31:45","slug":"kuoliaaksinaurattaja-ja-kuplettielvyttaja","status":"publish","type":"page","link":"http:\/\/www.jukkatakalo.fi\/?page_id=3257","title":{"rendered":"Kuoliaaksinaurattaja ja Kuplettielvytt\u00e4j\u00e4"},"content":{"rendered":"<div id=\"attachment_3278\" style=\"width: 310px\" class=\"wp-caption alignright\"><a href=\"http:\/\/www.jukkatakalo.fi\/wp\/wp-content\/uploads\/2019\/01\/takalopatronenkaisankuva-6.jpg\"><img aria-describedby=\"caption-attachment-3278\" decoding=\"async\" loading=\"lazy\" class=\"size-medium wp-image-3278\" src=\"http:\/\/www.jukkatakalo.fi\/wp\/wp-content\/uploads\/2019\/01\/takalopatronenkaisankuva-6-300x200.jpg\" alt=\"\" width=\"300\" height=\"200\" srcset=\"http:\/\/www.jukkatakalo.fi\/wp\/wp-content\/uploads\/2019\/01\/takalopatronenkaisankuva-6-300x200.jpg 300w, http:\/\/www.jukkatakalo.fi\/wp\/wp-content\/uploads\/2019\/01\/takalopatronenkaisankuva-6-768x512.jpg 768w, http:\/\/www.jukkatakalo.fi\/wp\/wp-content\/uploads\/2019\/01\/takalopatronenkaisankuva-6-1024x683.jpg 1024w, http:\/\/www.jukkatakalo.fi\/wp\/wp-content\/uploads\/2019\/01\/takalopatronenkaisankuva-6-450x300.jpg 450w\" sizes=\"(max-width: 300px) 100vw, 300px\" \/><\/a><p id=\"caption-attachment-3278\" class=\"wp-caption-text\">Jukka Takalo ja Matti Patronen kuva: Kaisa Heikkinen<\/p><\/div>\n<p>Koomikko Matti Patrosen ja poppari Jukka Takalon yhteenliittym\u00e4 tuo iltamaperinteen 2000-luvulle. Kiertueelle l\u00e4hdet\u00e4\u00e4n kev\u00e4\u00e4ll\u00e4 2019.<\/p>\n<p>Kuoliaaksinaurattaja ja Kuplettielvytt\u00e4j\u00e4 \u2013iltamissa yhdistyv\u00e4t stand up- ja rokkiklubin parhaat puolet. Koomikko Matti Patronen panee naiset nauramaan ja kuplettimies Jukka Takalo miehet itkem\u00e4\u00e4n. Ja p\u00e4invastoin. Musiikin, kaskujen ja tarinoiden t\u00e4yteinen iltama on usein yll\u00e4tt\u00e4v\u00e4 ja aivan varmasti viihdytt\u00e4v\u00e4 talkshow! Sielut kastellaan l\u00e4mpimin sulos\u00e4velin, lingotaan yll\u00e4tyksill\u00e4 ja hangataan huumorin juuriharjalla puhtaiksi! Tervetuloa viihtym\u00e4\u00e4n hyv\u00e4ss\u00e4, tai ainakin seurassa!<br \/>\nKeikat: Ilari Valjakka\/ Rocktalo tel. 0405786699 ilari@rocktalo.fi<br \/>\nPromo: Aku Oikari\/Idealeka 0504107150 aku.oikari@idealeka.fi<br \/>\nFB: <span style=\"color: #ff6600;\"><a style=\"color: #ff6600;\" href=\"https:\/\/www.facebook.com\/KuoliaaksinaurattajajaKuplettielvytt\u00e4j\u00e4-130927070938696\">https:\/\/www.facebook.com\/KuoliaaksinaurattajajaKuplettielvytt\u00e4j\u00e4-130927070938696<\/a><\/span><\/p>\n<p><a href=\"http:\/\/www.jukkatakalo.fi\/wp\/wp-content\/uploads\/2019\/01\/Kuoliaaksinaurattaja2019VAAKAjuliste960x540.jpg\"><img decoding=\"async\" loading=\"lazy\" class=\"size-medium wp-image-3256 alignleft\" src=\"http:\/\/www.jukkatakalo.fi\/wp\/wp-content\/uploads\/2019\/01\/Kuoliaaksinaurattaja2019VAAKAjuliste960x540-300x169.jpg\" alt=\"\" width=\"300\" height=\"169\" srcset=\"http:\/\/www.jukkatakalo.fi\/wp\/wp-content\/uploads\/2019\/01\/Kuoliaaksinaurattaja2019VAAKAjuliste960x540-300x169.jpg 300w, http:\/\/www.jukkatakalo.fi\/wp\/wp-content\/uploads\/2019\/01\/Kuoliaaksinaurattaja2019VAAKAjuliste960x540-768x432.jpg 768w, http:\/\/www.jukkatakalo.fi\/wp\/wp-content\/uploads\/2019\/01\/Kuoliaaksinaurattaja2019VAAKAjuliste960x540-500x281.jpg 500w, http:\/\/www.jukkatakalo.fi\/wp\/wp-content\/uploads\/2019\/01\/Kuoliaaksinaurattaja2019VAAKAjuliste960x540.jpg 960w\" sizes=\"(max-width: 300px) 100vw, 300px\" \/><\/a>960 x 540 px kuva nettiin tai FB eventtiin. Klikkaa ja lataa.<\/p>\n<p>&nbsp;<\/p>\n<p>&nbsp;<\/p>\n<p>&nbsp;<\/p>\n<p>Julistepohjat A3 300 Dpi. Klikkaa ja lataa.<\/p>\n<p><a href=\"http:\/\/www.jukkatakalo.fi\/wp\/wp-content\/uploads\/2019\/01\/Kuoliaaksinaurattaja2019pohjaFORprint.jpg\"><img decoding=\"async\" loading=\"lazy\" class=\"alignleft size-medium wp-image-3255\" src=\"http:\/\/www.jukkatakalo.fi\/wp\/wp-content\/uploads\/2019\/01\/Kuoliaaksinaurattaja2019pohjaFORprint-236x300.jpg\" alt=\"\" width=\"236\" height=\"300\" srcset=\"http:\/\/www.jukkatakalo.fi\/wp\/wp-content\/uploads\/2019\/01\/Kuoliaaksinaurattaja2019pohjaFORprint-236x300.jpg 236w, http:\/\/www.jukkatakalo.fi\/wp\/wp-content\/uploads\/2019\/01\/Kuoliaaksinaurattaja2019pohjaFORprint-768x975.jpg 768w, http:\/\/www.jukkatakalo.fi\/wp\/wp-content\/uploads\/2019\/01\/Kuoliaaksinaurattaja2019pohjaFORprint-806x1024.jpg 806w\" sizes=\"(max-width: 236px) 100vw, 236px\" \/><\/a> <a href=\"http:\/\/www.jukkatakalo.fi\/wp\/wp-content\/uploads\/2019\/01\/Kuoliaaksinaurattaja2019julistePRINT.jpg\"><img decoding=\"async\" loading=\"lazy\" class=\"alignnone size-medium wp-image-3252\" src=\"http:\/\/www.jukkatakalo.fi\/wp\/wp-content\/uploads\/2019\/01\/Kuoliaaksinaurattaja2019julistePRINT-236x300.jpg\" alt=\"\" width=\"236\" height=\"300\" srcset=\"http:\/\/www.jukkatakalo.fi\/wp\/wp-content\/uploads\/2019\/01\/Kuoliaaksinaurattaja2019julistePRINT-236x300.jpg 236w, http:\/\/www.jukkatakalo.fi\/wp\/wp-content\/uploads\/2019\/01\/Kuoliaaksinaurattaja2019julistePRINT-768x975.jpg 768w, http:\/\/www.jukkatakalo.fi\/wp\/wp-content\/uploads\/2019\/01\/Kuoliaaksinaurattaja2019julistePRINT-806x1024.jpg 806w\" sizes=\"(max-width: 236px) 100vw, 236px\" \/><\/a><\/p>\n<div id=\"attachment_3276\" style=\"width: 210px\" class=\"wp-caption alignright\"><a href=\"http:\/\/www.jukkatakalo.fi\/wp\/wp-content\/uploads\/2019\/01\/Skitat1_3000px.jpg\"><img aria-describedby=\"caption-attachment-3276\" decoding=\"async\" loading=\"lazy\" class=\"size-medium wp-image-3276\" src=\"http:\/\/www.jukkatakalo.fi\/wp\/wp-content\/uploads\/2019\/01\/Skitat1_3000px-200x300.jpg\" alt=\"\" width=\"200\" height=\"300\" srcset=\"http:\/\/www.jukkatakalo.fi\/wp\/wp-content\/uploads\/2019\/01\/Skitat1_3000px-200x300.jpg 200w, http:\/\/www.jukkatakalo.fi\/wp\/wp-content\/uploads\/2019\/01\/Skitat1_3000px-768x1152.jpg 768w, http:\/\/www.jukkatakalo.fi\/wp\/wp-content\/uploads\/2019\/01\/Skitat1_3000px-683x1024.jpg 683w, http:\/\/www.jukkatakalo.fi\/wp\/wp-content\/uploads\/2019\/01\/Skitat1_3000px.jpg 2000w\" sizes=\"(max-width: 200px) 100vw, 200px\" \/><\/a><p id=\"caption-attachment-3276\" class=\"wp-caption-text\">Jukka Takalo &amp; Matti Patronen studiossa. Photo: Minna Korvela 20.1.2019.<\/p><\/div>\n<div id=\"attachment_3275\" style=\"width: 266px\" class=\"wp-caption alignnone\"><a href=\"http:\/\/www.jukkatakalo.fi\/wp\/wp-content\/uploads\/2019\/01\/ryttytakalopatronenkaisankuva.jpg\"><img aria-describedby=\"caption-attachment-3275\" decoding=\"async\" loading=\"lazy\" class=\" wp-image-3275\" src=\"http:\/\/www.jukkatakalo.fi\/wp\/wp-content\/uploads\/2019\/01\/ryttytakalopatronenkaisankuva-300x300.jpg\" alt=\"\" width=\"256\" height=\"256\" srcset=\"http:\/\/www.jukkatakalo.fi\/wp\/wp-content\/uploads\/2019\/01\/ryttytakalopatronenkaisankuva-300x300.jpg 300w, http:\/\/www.jukkatakalo.fi\/wp\/wp-content\/uploads\/2019\/01\/ryttytakalopatronenkaisankuva-150x150.jpg 150w, http:\/\/www.jukkatakalo.fi\/wp\/wp-content\/uploads\/2019\/01\/ryttytakalopatronenkaisankuva-768x768.jpg 768w, http:\/\/www.jukkatakalo.fi\/wp\/wp-content\/uploads\/2019\/01\/ryttytakalopatronenkaisankuva-1024x1024.jpg 1024w\" sizes=\"(max-width: 256px) 100vw, 256px\" \/><\/a><p id=\"caption-attachment-3275\" class=\"wp-caption-text\">Matti ja Jukka kuva: Kaisa Heikkinen<\/p><\/div>\n<p><iframe loading=\"lazy\" src=\"https:\/\/www.youtube.com\/embed\/VIq0lHnYiWY\" width=\"560\" height=\"315\" frameborder=\"0\" allowfullscreen=\"allowfullscreen\"><\/iframe><\/p>\n<p><iframe loading=\"lazy\" src=\"https:\/\/www.youtube.com\/embed\/5DhOHwe21wA\" width=\"560\" height=\"315\" frameborder=\"0\" allowfullscreen=\"allowfullscreen\"><\/iframe><\/p>\n<p>KUOLIAAKSINAURATTAJA JA KUPLETTI ELVYTT\u00c4J\u00c4 \u2013KIERTUE 2019<\/p>\n<p>ke 13.3 TOHOLAMPI, KULTTUURISALI<br \/>\n<a href=\"https:\/\/www.facebook.com\/events\/617965115307767\/\">https:\/\/www.facebook.com\/events\/617965115307767\/<br \/>\n<\/a>Ennakot: tarja.kalander@<a href=\"http:\/\/toholampi.fi\/\">toholampi.fi<\/a><\/p>\n<p>to 14.3 TAIVALKOSKEN TEATTERI , TAIVALKOSKI<br \/>\nLiput vain ovelta.<\/p>\n<p>pe 15.3 KEURUU, PAPPILAN TAVERNA<br \/>\n<a href=\"https:\/\/www.facebook.com\/events\/335679673942625\/\">https:\/\/www.facebook.com\/events\/335679673942625\/<br \/>\n<\/a>Liput tulevat myyntiin pian<\/p>\n<p>la 16.3. PATOKLUBI, KUUSANKOSKI<br \/>\n<a href=\"https:\/\/www.facebook.com\/events\/2026707740756457\/\">https:\/\/www.facebook.com\/events\/2026707740756457\/<br \/>\n<\/a><a href=\"http:\/\/digilippu.fi\/\">digilippu.fi <\/a>Ennakot my\u00f6s: TaideTupa PikkuSelma<\/p>\n<p>ke 20.3 KORUNDI, ROVANIEMI<br \/>\n<a href=\"https:\/\/www.facebook.com\/events\/351519565672626\/\">https:\/\/www.facebook.com\/events\/351519565672626\/<br \/>\n<\/a>Ennakot:\u00a0<a href=\"http:\/\/lippu.fi\/\">lippu.fi<\/a><\/p>\n<p>pe 22.3. OULANKASALI, KUUSAMO<br \/>\n<a href=\"https:\/\/www.ticketmaster.fi\/event\/kuoliaaksinaurattaja-kuplettielvyttaja-iltamat-lippuja\/247493\">https:\/\/www.ticketmaster.fi\/event\/kuoliaaksinaurattaja-kuplettielvyttaja-iltamat-lippuja\/247493<\/a><\/p>\n<p>la 23.3 RAAHESALI, RAAHE<br \/>\n<a href=\"https:\/\/ticket.raahe.fi\/ticketraahe\/\">https:\/\/ticket.raahe.fi\/ticketraahe\/<\/a><br \/>\n<a href=\"https:\/\/www.facebook.com\/events\/365547890685704\/\">https:\/\/www.facebook.com\/events\/365547890685704\/<\/a><\/p>\n<p>ke 3.4. VESAISENLINNA, YLIKIIMINKI<br \/>\nLiput ovelta ja Ticketmaster, Oulu10 ja Valveen lippumyym\u00e4l\u00e4<\/p>\n<p>to 4.4. SUVILAHTI TBA, HELSINKI<br \/>\n<a href=\"https:\/\/www.facebook.com\/events\/240957873453443\/\">https:\/\/www.facebook.com\/events\/240957873453443\/<br \/>\n<\/a><a href=\"https:\/\/www.tiketti.fi\/matti-patronen-jukka-takalo-suvilahti-tba-helsinki-lippuja\/59900?fbclid=IwAR1agVcyjN2Qcev8qNWrHTxtQni6O0p_sEZ_qw94j9B492QK8s3Bg_GydVM\">https:\/\/www.tiketti.fi\/matti-patronen-jukka-takalo-suvilahti-tba-helsinki-lippuja\/59900?fbclid=IwAR1agVcyjN2Qcev8qNWrHTxtQni6O0p_sEZ_qw94j9B492QK8s3Bg_GydVM<\/a><\/p>\n<p>pe 5.4. MAXIM, KUOPIO<br \/>\n<a href=\"https:\/\/www.facebook.com\/events\/340612410068997\/\">https:\/\/www.facebook.com\/events\/340612410068997\/<br \/>\n<\/a><a href=\"https:\/\/www.ticketmaster.fi\/event\/kuoliaaksinaurattaja-ja-kuplettielvyttaja-lippuja\/244993?fbclid=IwAR1gkiNlgkL88781GUp21dWr4Ixo26A8R2KQ9Il1kSCZOirqYDgk9up1uEo\">https:\/\/www.ticketmaster.fi\/event\/kuoliaaksinaurattaja-ja-kuplettielvyttaja-lippuja\/244993?fbclid=IwAR1gkiNlgkL88781GUp21dWr4Ixo26A8R2KQ9Il1kSCZOirqYDgk9up1uEo<\/a><\/p>\n<p>la 6.4. TEATRO, TURKU<br \/>\n<a href=\"https:\/\/www.facebook.com\/events\/1526408917503706\/\">https:\/\/www.facebook.com\/events\/1526408917503706\/<br \/>\n<\/a><a href=\"http:\/\/lippu.fi\/\">lippu.fi<\/a><\/p>\n<p>ke 10.4.\u00a0TEATTERI RETIKKA, SUOMUSSALMI<br \/>\nLiput ovelta<\/p>\n<p>to 11.4. KOIVU JA T\u00c4HTI, MUHOS<br \/>\nLiput ovelta<\/p>\n<p>pe 12.4.KARTANO KIEVARI, \u00c4\u00c4NEKOSKI<br \/>\n<a href=\"https:\/\/www.lippuagentti.fi\/event\/view?id=3561\">https:\/\/www.lippuagentti.fi\/event\/view?id=3561<\/a><\/p>\n<p>la 13.4. VIITASAAREN TEATTERI, VIITASAARI<br \/>\nLiput ovelta<\/p>\n<p>su 14.4. VALVESALI, OULU<br \/>\n<a href=\"https:\/\/www.ticketmaster.fi\/event\/kuoliaaksinaurattaja-ja-kuplettielvyttaja-lippuja\/249889\">https:\/\/www.ticketmaster.fi\/event\/kuoliaaksinaurattaja-ja-kuplettielvyttaja-lippuja\/249889<br \/>\n<\/a>Liput Ticketmaster, Oulu10 ja Valveen lippumyym\u00e4l\u00e4<\/p>\n<p>ke 24.4 OHTOSALI, KONTIOLAHTI<br \/>\nLiput ovelta<\/p>\n<p>to 25.4.KITEESALI, KITEE<\/p>\n<p>pe 26.4. NUIJAMIES, LAPPEENRANTA<br \/>\n<a href=\"https:\/\/www.ticketmaster.fi\/event\/249527?fbclid=IwAR0LSKFjWVKF0oZ5KhskSe0m3xMr_YM7C16jA2wpC47cSDAQUi5Hu6BS2vs\">https:\/\/www.ticketmaster.fi\/event\/249527?fbclid=IwAR0LSKFjWVKF0oZ5KhskSe0m3xMr_YM7C16jA2wpC47cSDAQUi5Hu6BS2vs<\/a><\/p>\n<p>la 27.4. \u00a0TTT \u2013KLUBI, TAMPERE<br \/>\n<a href=\"http:\/\/www.ttt-teatteri.fi\/ohjelmisto\/kuoliaaksinaurattaja-kuplettielvyttaja\">http:\/\/www.ttt-teatteri.fi\/ohjelmisto\/kuoliaaksinaurattaja-kuplettielvyttaja<\/a><\/p>\n","protected":false},"excerpt":{"rendered":"<p>Koomikko Matti Patrosen ja poppari Jukka Takalon yhteenliittym\u00e4 tuo iltamaperinteen 2000-luvulle. Kiertueelle l\u00e4hdet\u00e4\u00e4n kev\u00e4\u00e4ll\u00e4 2019. Kuoliaaksinaurattaja ja Kuplettielvytt\u00e4j\u00e4 \u2013iltamissa yhdistyv\u00e4t stand up- ja rokkiklubin parhaat puolet. Koomikko Matti Patronen panee naiset nauramaan ja kuplettimies Jukka Takalo miehet itkem\u00e4\u00e4n. Ja p\u00e4invastoin. &hellip; <a href=\"http:\/\/www.jukkatakalo.fi\/?page_id=3257\">Continue reading <span class=\"meta-nav\">&rarr;<\/span><\/a><\/p>\n","protected":false},"author":1,"featured_media":0,"parent":0,"menu_order":2,"comment_status":"closed","ping_status":"closed","template":"","meta":[],"_links":{"self":[{"href":"http:\/\/www.jukkatakalo.fi\/index.php?rest_route=\/wp\/v2\/pages\/3257"}],"collection":[{"href":"http:\/\/www.jukkatakalo.fi\/index.php?rest_route=\/wp\/v2\/pages"}],"about":[{"href":"http:\/\/www.jukkatakalo.fi\/index.php?rest_route=\/wp\/v2\/types\/page"}],"author":[{"embeddable":true,"href":"http:\/\/www.jukkatakalo.fi\/index.php?rest_route=\/wp\/v2\/users\/1"}],"replies":[{"embeddable":true,"href":"http:\/\/www.jukkatakalo.fi\/index.php?rest_route=%2Fwp%2Fv2%2Fcomments&post=3257"}],"version-history":[{"count":10,"href":"http:\/\/www.jukkatakalo.fi\/index.php?rest_route=\/wp\/v2\/pages\/3257\/revisions"}],"predecessor-version":[{"id":3279,"href":"http:\/\/www.jukkatakalo.fi\/index.php?rest_route=\/wp\/v2\/pages\/3257\/revisions\/3279"}],"wp:attachment":[{"href":"http:\/\/www.jukkatakalo.fi\/index.php?rest_route=%2Fwp%2Fv2%2Fmedia&parent=3257"}],"curies":[{"name":"wp","href":"https:\/\/api.w.org\/{rel}","templated":true}]}}