{"id":3178,"date":"2018-11-01T11:11:50","date_gmt":"2018-11-01T09:11:50","guid":{"rendered":"http:\/\/www.jukkatakalo.fi\/?page_id=3178"},"modified":"2022-01-22T23:46:27","modified_gmt":"2022-01-22T21:46:27","slug":"kajakkiorkesteri-ja-vaarojen-laulut","status":"publish","type":"page","link":"https:\/\/www.jukkatakalo.fi\/?page_id=3178","title":{"rendered":"Kajakkiorkesteri ja Vaarojen laulut"},"content":{"rendered":"<p>Jukka Takalon Kajakkiorkesteri esiintyi vetten p\u00e4\u00e4ll\u00e4 luonnon omissa oopperataloissa viisitoista kertaa kes\u00e4ll\u00e4 2018. Orkesteri esitti Takalon <a href=\"https:\/\/song.link\/VaarojenLaulut\">Vaarojen laulut -albumin<\/a> materiaalia laulujen maisemissa, kes\u00e4iltoina j\u00e4rvenrannalla. Orkesteri k\u00e4ytt\u00e4\u00e4 hyv\u00e4kseen veden kantavuutta ja maiseman ambienssia, erilaisia rantojen heijastuspintoja, kallioita, puita rantaviivassa, kerrostaloja.<br \/>\nEnsimm\u00e4isen konserttinsa Kajakkiorkesteri teki jo kes\u00e4ll\u00e4 2017 Hossan kansallispuiston avajaisissa V\u00e4rikallioiden kalliomaalausten edustalla. Tuon 5000 vuotta vanhan estradin akustiikka on ep\u00e4ilem\u00e4tt\u00e4 koskettanut jo alueen muinaisia asukkaita.<\/p>\n<p>Kajakkiorkesteri Pielisell\u00e4 kes\u00e4ll\u00e4 2021<br \/>\n<a href=\"http:\/\/www.jukkatakalo.fi\/wp\/wp-content\/uploads\/2022\/01\/KajakkiorkkaNurmes_Maija_Ihantola.jpg\"><img decoding=\"async\" loading=\"lazy\" class=\"alignright  wp-image-3438\" src=\"http:\/\/www.jukkatakalo.fi\/wp\/wp-content\/uploads\/2022\/01\/KajakkiorkkaNurmes_Maija_Ihantola-300x200.jpg\" alt=\"\" width=\"556\" height=\"375\" \/><\/a><\/p>\n<p>&nbsp;<\/p>\n<p>&nbsp;<\/p>\n<p>&nbsp;<\/p>\n<p>Kiitoksia ihmiset konserttikuvista!<\/p>\n<p><a href=\"http:\/\/www.jukkatakalo.fi\/wp\/wp-content\/uploads\/2018\/11\/IMG_7613.jpg\"><img decoding=\"async\" loading=\"lazy\" class=\"alignnone size-thumbnail wp-image-3225\" src=\"http:\/\/www.jukkatakalo.fi\/wp\/wp-content\/uploads\/2018\/11\/IMG_7613-150x150.jpg\" alt=\"\" width=\"150\" height=\"150\" \/><\/a><a href=\"http:\/\/www.jukkatakalo.fi\/wp\/wp-content\/uploads\/2018\/11\/KajakkiorkesteriKIERTUEbig.jpg\"><img decoding=\"async\" loading=\"lazy\" class=\" wp-image-3229 alignright\" src=\"http:\/\/www.jukkatakalo.fi\/wp\/wp-content\/uploads\/2018\/11\/KajakkiorkesteriKIERTUEbig-300x169.jpg\" alt=\"\" width=\"364\" height=\"213\" \/><\/a> <a href=\"http:\/\/www.jukkatakalo.fi\/wp\/wp-content\/uploads\/2018\/11\/Kajakkiorkesteri-Kiikeli-6.jpg\"><img decoding=\"async\" loading=\"lazy\" class=\"alignnone size-thumbnail wp-image-3180\" src=\"http:\/\/www.jukkatakalo.fi\/wp\/wp-content\/uploads\/2018\/11\/Kajakkiorkesteri-Kiikeli-6-150x150.jpg\" alt=\"\" width=\"150\" height=\"150\" \/><\/a><a href=\"http:\/\/www.jukkatakalo.fi\/wp\/wp-content\/uploads\/2018\/11\/IMG_7647.jpg\"><img decoding=\"async\" loading=\"lazy\" class=\"alignnone size-thumbnail wp-image-3226\" src=\"http:\/\/www.jukkatakalo.fi\/wp\/wp-content\/uploads\/2018\/11\/IMG_7647-150x150.jpg\" alt=\"\" width=\"150\" height=\"150\" \/><\/a> <a href=\"http:\/\/www.jukkatakalo.fi\/wp\/wp-content\/uploads\/2018\/11\/IMG_7503.jpg\"><img decoding=\"async\" loading=\"lazy\" class=\"alignnone size-thumbnail wp-image-3223\" src=\"http:\/\/www.jukkatakalo.fi\/wp\/wp-content\/uploads\/2018\/11\/IMG_7503-150x150.jpg\" alt=\"\" width=\"150\" height=\"150\" \/><\/a> <a href=\"http:\/\/www.jukkatakalo.fi\/wp\/wp-content\/uploads\/2018\/11\/IMG_0783.jpg\"><img decoding=\"async\" loading=\"lazy\" class=\"alignnone size-thumbnail wp-image-3222\" src=\"http:\/\/www.jukkatakalo.fi\/wp\/wp-content\/uploads\/2018\/11\/IMG_0783-150x150.jpg\" alt=\"\" width=\"150\" height=\"150\" \/><\/a> <a href=\"http:\/\/www.jukkatakalo.fi\/wp\/wp-content\/uploads\/2018\/11\/IMG_0778.jpg\"><img decoding=\"async\" loading=\"lazy\" class=\"alignnone size-thumbnail wp-image-3221\" src=\"http:\/\/www.jukkatakalo.fi\/wp\/wp-content\/uploads\/2018\/11\/IMG_0778-150x150.jpg\" alt=\"\" width=\"150\" height=\"150\" \/><\/a> <a href=\"http:\/\/www.jukkatakalo.fi\/wp\/wp-content\/uploads\/2018\/11\/KajakkiorkkaSonninsaari-5.jpg\"><img decoding=\"async\" loading=\"lazy\" class=\"alignnone size-thumbnail wp-image-3219\" src=\"http:\/\/www.jukkatakalo.fi\/wp\/wp-content\/uploads\/2018\/11\/KajakkiorkkaSonninsaari-5-150x150.jpg\" alt=\"\" width=\"150\" height=\"150\" \/><\/a> <a href=\"http:\/\/www.jukkatakalo.fi\/wp\/wp-content\/uploads\/2018\/11\/Kajakkiorkesteri-A\u0308rja\u0308-2.jpg\"><img decoding=\"async\" loading=\"lazy\" class=\"alignnone size-thumbnail wp-image-3192\" src=\"http:\/\/www.jukkatakalo.fi\/wp\/wp-content\/uploads\/2018\/11\/Kajakkiorkesteri-A\u0308rja\u0308-2-150x150.jpg\" alt=\"\" width=\"150\" height=\"150\" \/><\/a><a href=\"http:\/\/www.jukkatakalo.fi\/wp\/wp-content\/uploads\/2018\/11\/Kajakkiorkka-A\u0308rja\u0308.png\"><img decoding=\"async\" loading=\"lazy\" class=\"alignnone size-thumbnail wp-image-3218\" src=\"http:\/\/www.jukkatakalo.fi\/wp\/wp-content\/uploads\/2018\/11\/Kajakkiorkka-A\u0308rja\u0308-150x150.png\" alt=\"\" width=\"150\" height=\"150\" \/><\/a>\u00a0\u00a0 <a href=\"http:\/\/www.jukkatakalo.fi\/wp\/wp-content\/uploads\/2018\/11\/Kajakkiorkka-Varjakka.png\"><img decoding=\"async\" loading=\"lazy\" class=\"alignnone size-thumbnail wp-image-3215\" src=\"http:\/\/www.jukkatakalo.fi\/wp\/wp-content\/uploads\/2018\/11\/Kajakkiorkka-Varjakka-150x150.png\" alt=\"\" width=\"150\" height=\"150\" srcset=\"https:\/\/www.jukkatakalo.fi\/wp\/wp-content\/uploads\/2018\/11\/Kajakkiorkka-Varjakka-150x150.png 150w, https:\/\/www.jukkatakalo.fi\/wp\/wp-content\/uploads\/2018\/11\/Kajakkiorkka-Varjakka-300x300.png 300w, https:\/\/www.jukkatakalo.fi\/wp\/wp-content\/uploads\/2018\/11\/Kajakkiorkka-Varjakka.png 632w\" sizes=\"(max-width: 150px) 100vw, 150px\" \/><\/a> <a href=\"http:\/\/www.jukkatakalo.fi\/wp\/wp-content\/uploads\/2018\/11\/Kajakkiorkka-VAlkeakoski-4.png\"><img decoding=\"async\" loading=\"lazy\" class=\"alignnone size-thumbnail wp-image-3214\" src=\"http:\/\/www.jukkatakalo.fi\/wp\/wp-content\/uploads\/2018\/11\/Kajakkiorkka-VAlkeakoski-4-150x150.png\" alt=\"\" width=\"150\" height=\"150\" \/><\/a> <a href=\"http:\/\/www.jukkatakalo.fi\/wp\/wp-content\/uploads\/2018\/11\/Kajakkiorkka-Valkeakoski-2.png\"><img decoding=\"async\" loading=\"lazy\" class=\"alignnone size-thumbnail wp-image-3213\" src=\"http:\/\/www.jukkatakalo.fi\/wp\/wp-content\/uploads\/2018\/11\/Kajakkiorkka-Valkeakoski-2-150x150.png\" alt=\"\" width=\"150\" height=\"150\" \/><\/a> <a href=\"http:\/\/www.jukkatakalo.fi\/wp\/wp-content\/uploads\/2018\/11\/Kajakkiorkka-Valkeakoski.png\"><img decoding=\"async\" loading=\"lazy\" class=\"alignnone size-thumbnail wp-image-3212\" src=\"http:\/\/www.jukkatakalo.fi\/wp\/wp-content\/uploads\/2018\/11\/Kajakkiorkka-Valkeakoski-150x150.png\" alt=\"\" width=\"150\" height=\"150\" \/><\/a> <a href=\"http:\/\/www.jukkatakalo.fi\/wp\/wp-content\/uploads\/2018\/11\/Kajakkiorkka-Sonninsaari-3.png\"><img decoding=\"async\" loading=\"lazy\" class=\"alignnone size-thumbnail wp-image-3211\" src=\"http:\/\/www.jukkatakalo.fi\/wp\/wp-content\/uploads\/2018\/11\/Kajakkiorkka-Sonninsaari-3-150x150.png\" alt=\"\" width=\"150\" height=\"150\" \/><\/a> <a href=\"http:\/\/www.jukkatakalo.fi\/wp\/wp-content\/uploads\/2018\/11\/Kajakkiorkka-Sonninsaari-1.png\"><img decoding=\"async\" loading=\"lazy\" class=\"alignnone size-thumbnail wp-image-3210\" src=\"http:\/\/www.jukkatakalo.fi\/wp\/wp-content\/uploads\/2018\/11\/Kajakkiorkka-Sonninsaari-1-150x150.png\" alt=\"\" width=\"150\" height=\"150\" srcset=\"https:\/\/www.jukkatakalo.fi\/wp\/wp-content\/uploads\/2018\/11\/Kajakkiorkka-Sonninsaari-1-150x150.png 150w, https:\/\/www.jukkatakalo.fi\/wp\/wp-content\/uploads\/2018\/11\/Kajakkiorkka-Sonninsaari-1-300x300.png 300w, https:\/\/www.jukkatakalo.fi\/wp\/wp-content\/uploads\/2018\/11\/Kajakkiorkka-Sonninsaari-1-768x766.png 768w, https:\/\/www.jukkatakalo.fi\/wp\/wp-content\/uploads\/2018\/11\/Kajakkiorkka-Sonninsaari-1-301x300.png 301w, https:\/\/www.jukkatakalo.fi\/wp\/wp-content\/uploads\/2018\/11\/Kajakkiorkka-Sonninsaari-1.png 956w\" sizes=\"(max-width: 150px) 100vw, 150px\" \/><\/a> <a href=\"http:\/\/www.jukkatakalo.fi\/wp\/wp-content\/uploads\/2018\/11\/Kajakkiorkka-Pa\u0308a\u0308talopa\u0308iva\u0308t-2.png\"><img decoding=\"async\" loading=\"lazy\" class=\"alignnone size-thumbnail wp-image-3209\" src=\"http:\/\/www.jukkatakalo.fi\/wp\/wp-content\/uploads\/2018\/11\/Kajakkiorkka-Pa\u0308a\u0308talopa\u0308iva\u0308t-2-150x150.png\" alt=\"\" width=\"150\" height=\"150\" \/><\/a> <a href=\"http:\/\/www.jukkatakalo.fi\/wp\/wp-content\/uploads\/2018\/11\/Kajakkiorkka-Pa\u0308a\u0308talopa\u0308iva\u0308t.png\"><img decoding=\"async\" loading=\"lazy\" class=\"alignnone size-thumbnail wp-image-3208\" src=\"http:\/\/www.jukkatakalo.fi\/wp\/wp-content\/uploads\/2018\/11\/Kajakkiorkka-Pa\u0308a\u0308talopa\u0308iva\u0308t-150x150.png\" alt=\"\" width=\"150\" height=\"150\" \/><\/a> <a href=\"http:\/\/www.jukkatakalo.fi\/wp\/wp-content\/uploads\/2018\/11\/Kajakkiorkka-Pikisaari5.jpg\"><img decoding=\"async\" loading=\"lazy\" class=\"alignnone size-thumbnail wp-image-3207\" src=\"http:\/\/www.jukkatakalo.fi\/wp\/wp-content\/uploads\/2018\/11\/Kajakkiorkka-Pikisaari5-150x150.jpg\" alt=\"\" width=\"150\" height=\"150\" \/><\/a> <a href=\"http:\/\/www.jukkatakalo.fi\/wp\/wp-content\/uploads\/2018\/11\/Kajakkiorkka-Pikisaari2.png\"><img decoding=\"async\" loading=\"lazy\" class=\"alignnone size-thumbnail wp-image-3206\" src=\"http:\/\/www.jukkatakalo.fi\/wp\/wp-content\/uploads\/2018\/11\/Kajakkiorkka-Pikisaari2-150x150.png\" alt=\"\" width=\"150\" height=\"150\" \/><\/a> <a href=\"http:\/\/www.jukkatakalo.fi\/wp\/wp-content\/uploads\/2018\/11\/Kajakkiorkka-Pikisaari.png\"><img decoding=\"async\" loading=\"lazy\" class=\"alignnone size-thumbnail wp-image-3205\" src=\"http:\/\/www.jukkatakalo.fi\/wp\/wp-content\/uploads\/2018\/11\/Kajakkiorkka-Pikisaari-150x150.png\" alt=\"\" width=\"150\" height=\"150\" srcset=\"https:\/\/www.jukkatakalo.fi\/wp\/wp-content\/uploads\/2018\/11\/Kajakkiorkka-Pikisaari-150x150.png 150w, https:\/\/www.jukkatakalo.fi\/wp\/wp-content\/uploads\/2018\/11\/Kajakkiorkka-Pikisaari-300x298.png 300w, https:\/\/www.jukkatakalo.fi\/wp\/wp-content\/uploads\/2018\/11\/Kajakkiorkka-Pikisaari-768x763.png 768w, https:\/\/www.jukkatakalo.fi\/wp\/wp-content\/uploads\/2018\/11\/Kajakkiorkka-Pikisaari-302x300.png 302w, https:\/\/www.jukkatakalo.fi\/wp\/wp-content\/uploads\/2018\/11\/Kajakkiorkka-Pikisaari.png 956w\" sizes=\"(max-width: 150px) 100vw, 150px\" \/><\/a>\u00a0 <a href=\"http:\/\/www.jukkatakalo.fi\/wp\/wp-content\/uploads\/2018\/11\/Kajakkiorkka-Linnansaari-Oulu.jpg\"><img decoding=\"async\" loading=\"lazy\" class=\"alignnone size-thumbnail wp-image-3203\" src=\"http:\/\/www.jukkatakalo.fi\/wp\/wp-content\/uploads\/2018\/11\/Kajakkiorkka-Linnansaari-Oulu-150x150.jpg\" alt=\"\" width=\"150\" height=\"150\" \/><\/a> <a href=\"http:\/\/www.jukkatakalo.fi\/wp\/wp-content\/uploads\/2018\/11\/Kajakkiorkka-Linnansaari-5.jpg\"><img decoding=\"async\" loading=\"lazy\" class=\"alignnone size-thumbnail wp-image-3202\" src=\"http:\/\/www.jukkatakalo.fi\/wp\/wp-content\/uploads\/2018\/11\/Kajakkiorkka-Linnansaari-5-150x150.jpg\" alt=\"\" width=\"150\" height=\"150\" \/><\/a> <a href=\"http:\/\/www.jukkatakalo.fi\/wp\/wp-content\/uploads\/2018\/11\/Kajakkiorkka-Linnansaari-2.png\"><img decoding=\"async\" loading=\"lazy\" class=\"alignnone size-thumbnail wp-image-3201\" src=\"http:\/\/www.jukkatakalo.fi\/wp\/wp-content\/uploads\/2018\/11\/Kajakkiorkka-Linnansaari-2-150x150.png\" alt=\"\" width=\"150\" height=\"150\" \/><\/a> <a href=\"http:\/\/www.jukkatakalo.fi\/wp\/wp-content\/uploads\/2018\/11\/Kajakkiorkka-Linnansaari.png\"><img decoding=\"async\" loading=\"lazy\" class=\"alignnone size-thumbnail wp-image-3200\" src=\"http:\/\/www.jukkatakalo.fi\/wp\/wp-content\/uploads\/2018\/11\/Kajakkiorkka-Linnansaari-150x150.png\" alt=\"\" width=\"150\" height=\"150\" \/><\/a>\u00a0 <a href=\"http:\/\/www.jukkatakalo.fi\/wp\/wp-content\/uploads\/2018\/11\/Kajakkiorkka-Kierikki.png\"><img decoding=\"async\" loading=\"lazy\" class=\"alignnone size-thumbnail wp-image-3198\" src=\"http:\/\/www.jukkatakalo.fi\/wp\/wp-content\/uploads\/2018\/11\/Kajakkiorkka-Kierikki-150x150.png\" alt=\"\" width=\"150\" height=\"150\" \/><\/a> <a href=\"http:\/\/www.jukkatakalo.fi\/wp\/wp-content\/uploads\/2018\/11\/Kajakkiorkka-3-Sonninsaari.png\"><img decoding=\"async\" loading=\"lazy\" class=\"alignnone size-thumbnail wp-image-3197\" src=\"http:\/\/www.jukkatakalo.fi\/wp\/wp-content\/uploads\/2018\/11\/Kajakkiorkka-3-Sonninsaari-150x150.png\" alt=\"\" width=\"150\" height=\"150\" srcset=\"https:\/\/www.jukkatakalo.fi\/wp\/wp-content\/uploads\/2018\/11\/Kajakkiorkka-3-Sonninsaari-150x150.png 150w, https:\/\/www.jukkatakalo.fi\/wp\/wp-content\/uploads\/2018\/11\/Kajakkiorkka-3-Sonninsaari-300x300.png 300w, https:\/\/www.jukkatakalo.fi\/wp\/wp-content\/uploads\/2018\/11\/Kajakkiorkka-3-Sonninsaari-768x770.png 768w, https:\/\/www.jukkatakalo.fi\/wp\/wp-content\/uploads\/2018\/11\/Kajakkiorkka-3-Sonninsaari-299x300.png 299w, https:\/\/www.jukkatakalo.fi\/wp\/wp-content\/uploads\/2018\/11\/Kajakkiorkka-3-Sonninsaari.png 944w\" sizes=\"(max-width: 150px) 100vw, 150px\" \/><\/a> <a href=\"http:\/\/www.jukkatakalo.fi\/wp\/wp-content\/uploads\/2018\/11\/Kajakkiorkestewri-Kierikki6.jpg\"><img decoding=\"async\" loading=\"lazy\" class=\"alignnone size-thumbnail wp-image-3196\" src=\"http:\/\/www.jukkatakalo.fi\/wp\/wp-content\/uploads\/2018\/11\/Kajakkiorkestewri-Kierikki6-150x150.jpg\" alt=\"\" width=\"150\" height=\"150\" srcset=\"https:\/\/www.jukkatakalo.fi\/wp\/wp-content\/uploads\/2018\/11\/Kajakkiorkestewri-Kierikki6-150x150.jpg 150w, https:\/\/www.jukkatakalo.fi\/wp\/wp-content\/uploads\/2018\/11\/Kajakkiorkestewri-Kierikki6-300x300.jpg 300w, https:\/\/www.jukkatakalo.fi\/wp\/wp-content\/uploads\/2018\/11\/Kajakkiorkestewri-Kierikki6-768x768.jpg 768w, https:\/\/www.jukkatakalo.fi\/wp\/wp-content\/uploads\/2018\/11\/Kajakkiorkestewri-Kierikki6-1024x1024.jpg 1024w, https:\/\/www.jukkatakalo.fi\/wp\/wp-content\/uploads\/2018\/11\/Kajakkiorkestewri-Kierikki6.jpg 1440w\" sizes=\"(max-width: 150px) 100vw, 150px\" \/><\/a> <a href=\"http:\/\/www.jukkatakalo.fi\/wp\/wp-content\/uploads\/2018\/11\/KajakkiorkesteriSonninsaari-7.jpg\"><img decoding=\"async\" loading=\"lazy\" class=\"alignnone size-thumbnail wp-image-3195\" src=\"http:\/\/www.jukkatakalo.fi\/wp\/wp-content\/uploads\/2018\/11\/KajakkiorkesteriSonninsaari-7-150x150.jpg\" alt=\"\" width=\"150\" height=\"150\" \/><\/a> <a href=\"http:\/\/www.jukkatakalo.fi\/wp\/wp-content\/uploads\/2018\/11\/KAjakkiorkesteriLinnansaari-6.jpg\"><img decoding=\"async\" loading=\"lazy\" class=\"alignnone size-thumbnail wp-image-3194\" src=\"http:\/\/www.jukkatakalo.fi\/wp\/wp-content\/uploads\/2018\/11\/KAjakkiorkesteriLinnansaari-6-150x150.jpg\" alt=\"\" width=\"150\" height=\"150\" \/><\/a> <a href=\"http:\/\/www.jukkatakalo.fi\/wp\/wp-content\/uploads\/2018\/11\/Kajakkiorkesteri-A\u0308rja\u03083.jpg\"><img decoding=\"async\" loading=\"lazy\" class=\"alignnone size-thumbnail wp-image-3193\" src=\"http:\/\/www.jukkatakalo.fi\/wp\/wp-content\/uploads\/2018\/11\/Kajakkiorkesteri-A\u0308rja\u03083-150x150.jpg\" alt=\"\" width=\"150\" height=\"150\" \/><\/a> <a href=\"http:\/\/www.jukkatakalo.fi\/wp\/wp-content\/uploads\/2018\/11\/Kajakkiorkesteri-Varjakka-6.jpg\"><img decoding=\"async\" loading=\"lazy\" class=\"alignnone size-thumbnail wp-image-3191\" src=\"http:\/\/www.jukkatakalo.fi\/wp\/wp-content\/uploads\/2018\/11\/Kajakkiorkesteri-Varjakka-6-150x150.jpg\" alt=\"\" width=\"150\" height=\"150\" srcset=\"https:\/\/www.jukkatakalo.fi\/wp\/wp-content\/uploads\/2018\/11\/Kajakkiorkesteri-Varjakka-6-150x150.jpg 150w, https:\/\/www.jukkatakalo.fi\/wp\/wp-content\/uploads\/2018\/11\/Kajakkiorkesteri-Varjakka-6-300x300.jpg 300w, https:\/\/www.jukkatakalo.fi\/wp\/wp-content\/uploads\/2018\/11\/Kajakkiorkesteri-Varjakka-6-768x768.jpg 768w, https:\/\/www.jukkatakalo.fi\/wp\/wp-content\/uploads\/2018\/11\/Kajakkiorkesteri-Varjakka-6-1024x1024.jpg 1024w, https:\/\/www.jukkatakalo.fi\/wp\/wp-content\/uploads\/2018\/11\/Kajakkiorkesteri-Varjakka-6.jpg 1440w\" sizes=\"(max-width: 150px) 100vw, 150px\" \/><\/a> <a href=\"http:\/\/www.jukkatakalo.fi\/wp\/wp-content\/uploads\/2018\/11\/Kajakkiorkesteri-Valkeakoski-6.jpg\"><img decoding=\"async\" loading=\"lazy\" class=\"alignnone size-thumbnail wp-image-3190\" src=\"http:\/\/www.jukkatakalo.fi\/wp\/wp-content\/uploads\/2018\/11\/Kajakkiorkesteri-Valkeakoski-6-150x150.jpg\" alt=\"\" width=\"150\" height=\"150\" \/><\/a> <a href=\"http:\/\/www.jukkatakalo.fi\/wp\/wp-content\/uploads\/2018\/11\/Kajakkiorkesteri-Taivalkoski-Jukka.jpg\"><img decoding=\"async\" loading=\"lazy\" class=\"alignnone size-thumbnail wp-image-3189\" src=\"http:\/\/www.jukkatakalo.fi\/wp\/wp-content\/uploads\/2018\/11\/Kajakkiorkesteri-Taivalkoski-Jukka-150x150.jpg\" alt=\"\" width=\"150\" height=\"150\" srcset=\"https:\/\/www.jukkatakalo.fi\/wp\/wp-content\/uploads\/2018\/11\/Kajakkiorkesteri-Taivalkoski-Jukka-150x150.jpg 150w, https:\/\/www.jukkatakalo.fi\/wp\/wp-content\/uploads\/2018\/11\/Kajakkiorkesteri-Taivalkoski-Jukka-300x300.jpg 300w, https:\/\/www.jukkatakalo.fi\/wp\/wp-content\/uploads\/2018\/11\/Kajakkiorkesteri-Taivalkoski-Jukka-768x768.jpg 768w, https:\/\/www.jukkatakalo.fi\/wp\/wp-content\/uploads\/2018\/11\/Kajakkiorkesteri-Taivalkoski-Jukka.jpg 960w\" sizes=\"(max-width: 150px) 100vw, 150px\" \/><\/a> <a href=\"http:\/\/www.jukkatakalo.fi\/wp\/wp-content\/uploads\/2018\/11\/Kajakkiorkesteri-Taivalkoski-4.jpg\"><img decoding=\"async\" loading=\"lazy\" class=\"alignnone size-thumbnail wp-image-3188\" src=\"http:\/\/www.jukkatakalo.fi\/wp\/wp-content\/uploads\/2018\/11\/Kajakkiorkesteri-Taivalkoski-4-150x150.jpg\" alt=\"\" width=\"150\" height=\"150\" \/><\/a> <a href=\"http:\/\/www.jukkatakalo.fi\/wp\/wp-content\/uploads\/2018\/11\/Kajakkiorkesteri-Sonninsaari-8.jpg\"><img decoding=\"async\" loading=\"lazy\" class=\"alignnone size-thumbnail wp-image-3187\" src=\"http:\/\/www.jukkatakalo.fi\/wp\/wp-content\/uploads\/2018\/11\/Kajakkiorkesteri-Sonninsaari-8-150x150.jpg\" alt=\"\" width=\"150\" height=\"150\" \/><\/a><a href=\"http:\/\/www.jukkatakalo.fi\/wp\/wp-content\/uploads\/2018\/11\/Kajakkiorkesteri-Kiikeli-8.jpg\"><img decoding=\"async\" loading=\"lazy\" class=\"alignnone size-thumbnail wp-image-3181\" src=\"http:\/\/www.jukkatakalo.fi\/wp\/wp-content\/uploads\/2018\/11\/Kajakkiorkesteri-Kiikeli-8-150x150.jpg\" alt=\"\" width=\"150\" height=\"150\" \/><\/a> <a href=\"http:\/\/www.jukkatakalo.fi\/wp\/wp-content\/uploads\/2018\/11\/Kajakkiorkesteri-Sonninsaari-6.jpg\"><img decoding=\"async\" loading=\"lazy\" class=\"alignnone size-thumbnail wp-image-3186\" src=\"http:\/\/www.jukkatakalo.fi\/wp\/wp-content\/uploads\/2018\/11\/Kajakkiorkesteri-Sonninsaari-6-150x150.jpg\" alt=\"\" width=\"150\" height=\"150\" \/><\/a> <a href=\"http:\/\/www.jukkatakalo.fi\/wp\/wp-content\/uploads\/2018\/11\/Kajakkiorkesteri-Sonninsaari-5.jpg\"><img decoding=\"async\" loading=\"lazy\" class=\"alignnone size-thumbnail wp-image-3185\" src=\"http:\/\/www.jukkatakalo.fi\/wp\/wp-content\/uploads\/2018\/11\/Kajakkiorkesteri-Sonninsaari-5-150x150.jpg\" alt=\"\" width=\"150\" height=\"150\" \/><\/a> <a href=\"http:\/\/www.jukkatakalo.fi\/wp\/wp-content\/uploads\/2018\/11\/Kajakkiorkesteri-Sonninsaari-2.png\"><img decoding=\"async\" loading=\"lazy\" class=\"alignnone size-thumbnail wp-image-3184\" src=\"http:\/\/www.jukkatakalo.fi\/wp\/wp-content\/uploads\/2018\/11\/Kajakkiorkesteri-Sonninsaari-2-150x150.png\" alt=\"\" width=\"150\" height=\"150\" \/><\/a> <a href=\"http:\/\/www.jukkatakalo.fi\/wp\/wp-content\/uploads\/2018\/11\/KAjakkiorkesteri-Pikisaari-6.jpg\"><img decoding=\"async\" loading=\"lazy\" class=\"alignnone size-thumbnail wp-image-3183\" src=\"http:\/\/www.jukkatakalo.fi\/wp\/wp-content\/uploads\/2018\/11\/KAjakkiorkesteri-Pikisaari-6-150x150.jpg\" alt=\"\" width=\"150\" height=\"150\" \/><\/a> <a href=\"http:\/\/www.jukkatakalo.fi\/wp\/wp-content\/uploads\/2018\/11\/Kajakkiorkesteri-Oulanka-5.jpg\"><img decoding=\"async\" loading=\"lazy\" class=\"alignnone size-thumbnail wp-image-3182\" src=\"http:\/\/www.jukkatakalo.fi\/wp\/wp-content\/uploads\/2018\/11\/Kajakkiorkesteri-Oulanka-5-150x150.jpg\" alt=\"\" width=\"150\" height=\"150\" \/><\/a><\/p>\n","protected":false},"excerpt":{"rendered":"<p>Jukka Takalon Kajakkiorkesteri esiintyi vetten p\u00e4\u00e4ll\u00e4 luonnon omissa oopperataloissa viisitoista kertaa kes\u00e4ll\u00e4 2018. Orkesteri esitti Takalon Vaarojen laulut -albumin materiaalia laulujen maisemissa, kes\u00e4iltoina j\u00e4rvenrannalla. Orkesteri k\u00e4ytt\u00e4\u00e4 hyv\u00e4kseen veden kantavuutta ja maiseman ambienssia, erilaisia rantojen heijastuspintoja, kallioita, puita rantaviivassa, kerrostaloja. Ensimm\u00e4isen &hellip; <a href=\"https:\/\/www.jukkatakalo.fi\/?page_id=3178\">Continue reading <span class=\"meta-nav\">&rarr;<\/span><\/a><\/p>\n","protected":false},"author":1,"featured_media":0,"parent":0,"menu_order":3,"comment_status":"closed","ping_status":"closed","template":"","meta":[],"_links":{"self":[{"href":"https:\/\/www.jukkatakalo.fi\/index.php?rest_route=\/wp\/v2\/pages\/3178"}],"collection":[{"href":"https:\/\/www.jukkatakalo.fi\/index.php?rest_route=\/wp\/v2\/pages"}],"about":[{"href":"https:\/\/www.jukkatakalo.fi\/index.php?rest_route=\/wp\/v2\/types\/page"}],"author":[{"embeddable":true,"href":"https:\/\/www.jukkatakalo.fi\/index.php?rest_route=\/wp\/v2\/users\/1"}],"replies":[{"embeddable":true,"href":"https:\/\/www.jukkatakalo.fi\/index.php?rest_route=%2Fwp%2Fv2%2Fcomments&post=3178"}],"version-history":[{"count":5,"href":"https:\/\/www.jukkatakalo.fi\/index.php?rest_route=\/wp\/v2\/pages\/3178\/revisions"}],"predecessor-version":[{"id":3440,"href":"https:\/\/www.jukkatakalo.fi\/index.php?rest_route=\/wp\/v2\/pages\/3178\/revisions\/3440"}],"wp:attachment":[{"href":"https:\/\/www.jukkatakalo.fi\/index.php?rest_route=%2Fwp%2Fv2%2Fmedia&parent=3178"}],"curies":[{"name":"wp","href":"https:\/\/api.w.org\/{rel}","templated":true}]}}